{"id":6950,"date":"2023-07-04T08:22:11","date_gmt":"2023-07-04T06:22:11","guid":{"rendered":"https:\/\/etc-guarantee.com\/index.php\/guide-to-financial-guarantee\/external-credit-assessment-institution-ecai-2\/"},"modified":"2023-09-16T17:10:14","modified_gmt":"2023-09-16T15:10:14","slug":"organisme-externe-devaluation-du-credit-oeec","status":"publish","type":"page","link":"https:\/\/etc-guarantee.com\/index.php\/fr\/guide-de-la-garantie-financiere\/organisme-externe-devaluation-du-credit-oeec\/","title":{"rendered":"Organisme Externe d&#8217;\u00c9valuation du Cr\u00e9dit (OEEC)"},"content":{"rendered":"","protected":false},"excerpt":{"rendered":"","protected":false},"author":1,"featured_media":7923,"parent":6849,"menu_order":0,"comment_status":"closed","ping_status":"closed","template":"","meta":{"content-type":"","footnotes":""},"class_list":["post-6950","page","type-page","status-publish","has-post-thumbnail","hentry"],"yoast_head":"<!-- This site is optimized with the Yoast SEO Premium plugin v27.3 (Yoast SEO v27.3) - https:\/\/yoast.com\/product\/yoast-seo-premium-wordpress\/ -->\n<title>Organisme Externe d&#039;\u00c9valuation du Cr\u00e9dit (OEEC) - ETC Guarantee<\/title>\n<meta name=\"description\" content=\"Qu\u2019est-ce qu&#039;un Organisme Externe d&#039;\u00c9valuation du Cr\u00e9dit ? | Comment \u00e7a marche concr\u00e8tement un Organisme Externe d&#039;\u00c9valuation du Cr\u00e9dit?\" \/>\n<meta name=\"robots\" content=\"index, follow, max-snippet:-1, max-image-preview:large, max-video-preview:-1\" \/>\n<link rel=\"canonical\" href=\"https:\/\/etc-guarantee.com\/index.php\/fr\/guide-de-la-garantie-financiere\/organisme-externe-devaluation-du-credit-oeec\/\" \/>\n<meta property=\"og:locale\" content=\"en_US\" \/>\n<meta property=\"og:type\" content=\"article\" \/>\n<meta property=\"og:title\" content=\"Organisme Externe d&#039;\u00c9valuation du Cr\u00e9dit (OEEC)\" \/>\n<meta property=\"og:description\" content=\"Qu\u2019est-ce qu&#039;un Organisme Externe d&#039;\u00c9valuation du Cr\u00e9dit ? | Comment \u00e7a marche concr\u00e8tement un Organisme Externe d&#039;\u00c9valuation du Cr\u00e9dit?\" \/>\n<meta property=\"og:url\" content=\"https:\/\/etc-guarantee.com\/index.php\/fr\/guide-de-la-garantie-financiere\/organisme-externe-devaluation-du-credit-oeec\/\" \/>\n<meta property=\"og:site_name\" content=\"ETC Guarantee\" \/>\n<meta property=\"article:modified_time\" content=\"2023-09-16T15:10:14+00:00\" \/>\n<meta property=\"og:image\" content=\"https:\/\/etc-guarantee.com\/wp-content\/uploads\/2023\/09\/Organisme-Externe-d-Evaluation-du-Credit.jpg\" \/>\n\t<meta property=\"og:image:width\" content=\"2121\" \/>\n\t<meta property=\"og:image:height\" content=\"1414\" \/>\n\t<meta property=\"og:image:type\" content=\"image\/jpeg\" \/>\n<meta name=\"twitter:card\" content=\"summary_large_image\" \/>\n<meta name=\"twitter:title\" content=\"Organisme Externe d&#039;\u00c9valuation du Cr\u00e9dit (OEEC)\" \/>\n<meta name=\"twitter:description\" content=\"Qu\u2019est-ce qu&#039;un Organisme Externe d&#039;\u00c9valuation du Cr\u00e9dit ? | Comment \u00e7a marche concr\u00e8tement un Organisme Externe d&#039;\u00c9valuation du Cr\u00e9dit?\" \/>\n<meta name=\"twitter:image\" content=\"https:\/\/etc-guarantee.com\/wp-content\/uploads\/2023\/09\/Organisme-Externe-d-Evaluation-du-Credit.jpg\" \/>\n<script type=\"application\/ld+json\" class=\"yoast-schema-graph\">{\"@context\":\"https:\\\/\\\/schema.org\",\"@graph\":[{\"@type\":\"WebPage\",\"@id\":\"https:\\\/\\\/etc-guarantee.com\\\/index.php\\\/fr\\\/guide-de-la-garantie-financiere\\\/organisme-externe-devaluation-du-credit-oeec\\\/\",\"url\":\"https:\\\/\\\/etc-guarantee.com\\\/index.php\\\/fr\\\/guide-de-la-garantie-financiere\\\/organisme-externe-devaluation-du-credit-oeec\\\/\",\"name\":\"Organisme Externe d'\u00c9valuation du Cr\u00e9dit (OEEC) - ETC Guarantee\",\"isPartOf\":{\"@id\":\"https:\\\/\\\/etc-guarantee.com\\\/#website\"},\"primaryImageOfPage\":{\"@id\":\"https:\\\/\\\/etc-guarantee.com\\\/index.php\\\/fr\\\/guide-de-la-garantie-financiere\\\/organisme-externe-devaluation-du-credit-oeec\\\/#primaryimage\"},\"image\":{\"@id\":\"https:\\\/\\\/etc-guarantee.com\\\/index.php\\\/fr\\\/guide-de-la-garantie-financiere\\\/organisme-externe-devaluation-du-credit-oeec\\\/#primaryimage\"},\"thumbnailUrl\":\"https:\\\/\\\/etc-guarantee.com\\\/wp-content\\\/uploads\\\/2023\\\/09\\\/Organisme-Externe-d-Evaluation-du-Credit.jpg\",\"datePublished\":\"2023-07-04T06:22:11+00:00\",\"dateModified\":\"2023-09-16T15:10:14+00:00\",\"description\":\"Qu\u2019est-ce qu'un Organisme Externe d'\u00c9valuation du Cr\u00e9dit ? | Comment \u00e7a marche concr\u00e8tement un Organisme Externe d'\u00c9valuation du Cr\u00e9dit?\",\"breadcrumb\":{\"@id\":\"https:\\\/\\\/etc-guarantee.com\\\/index.php\\\/fr\\\/guide-de-la-garantie-financiere\\\/organisme-externe-devaluation-du-credit-oeec\\\/#breadcrumb\"},\"inLanguage\":\"en-US\",\"potentialAction\":[{\"@type\":\"ReadAction\",\"target\":[\"https:\\\/\\\/etc-guarantee.com\\\/index.php\\\/fr\\\/guide-de-la-garantie-financiere\\\/organisme-externe-devaluation-du-credit-oeec\\\/\"]}]},{\"@type\":\"ImageObject\",\"inLanguage\":\"en-US\",\"@id\":\"https:\\\/\\\/etc-guarantee.com\\\/index.php\\\/fr\\\/guide-de-la-garantie-financiere\\\/organisme-externe-devaluation-du-credit-oeec\\\/#primaryimage\",\"url\":\"https:\\\/\\\/etc-guarantee.com\\\/wp-content\\\/uploads\\\/2023\\\/09\\\/Organisme-Externe-d-Evaluation-du-Credit.jpg\",\"contentUrl\":\"https:\\\/\\\/etc-guarantee.com\\\/wp-content\\\/uploads\\\/2023\\\/09\\\/Organisme-Externe-d-Evaluation-du-Credit.jpg\",\"width\":2121,\"height\":1414,\"caption\":\"Organisme Externe d\u2019\u00c9valuation du Cr\u00e9dit\"},{\"@type\":\"BreadcrumbList\",\"@id\":\"https:\\\/\\\/etc-guarantee.com\\\/index.php\\\/fr\\\/guide-de-la-garantie-financiere\\\/organisme-externe-devaluation-du-credit-oeec\\\/#breadcrumb\",\"itemListElement\":[{\"@type\":\"ListItem\",\"position\":1,\"name\":\"Home\",\"item\":\"https:\\\/\\\/etc-guarantee.com\\\/\"},{\"@type\":\"ListItem\",\"position\":2,\"name\":\"Guide de la garantie financi\u00e8re\",\"item\":\"https:\\\/\\\/etc-guarantee.com\\\/index.php\\\/fr\\\/guide-de-la-garantie-financiere\\\/\"},{\"@type\":\"ListItem\",\"position\":3,\"name\":\"Organisme Externe d&#8217;\u00c9valuation du Cr\u00e9dit (OEEC)\"}]},{\"@type\":\"WebSite\",\"@id\":\"https:\\\/\\\/etc-guarantee.com\\\/#website\",\"url\":\"https:\\\/\\\/etc-guarantee.com\\\/\",\"name\":\"ETC Guarantee\",\"description\":\"Guarantee of market, investment and trade in Africa\",\"publisher\":{\"@id\":\"https:\\\/\\\/etc-guarantee.com\\\/#organization\"},\"potentialAction\":[{\"@type\":\"SearchAction\",\"target\":{\"@type\":\"EntryPoint\",\"urlTemplate\":\"https:\\\/\\\/etc-guarantee.com\\\/?s={search_term_string}\"},\"query-input\":{\"@type\":\"PropertyValueSpecification\",\"valueRequired\":true,\"valueName\":\"search_term_string\"}}],\"inLanguage\":\"en-US\"},{\"@type\":\"Organization\",\"@id\":\"https:\\\/\\\/etc-guarantee.com\\\/#organization\",\"name\":\"ETC - Export Trading & Cooperation\",\"url\":\"https:\\\/\\\/etc-guarantee.com\\\/\",\"logo\":{\"@type\":\"ImageObject\",\"inLanguage\":\"en-US\",\"@id\":\"https:\\\/\\\/etc-guarantee.com\\\/#\\\/schema\\\/logo\\\/image\\\/\",\"url\":\"https:\\\/\\\/etc-guarantee.com\\\/wp-content\\\/uploads\\\/2023\\\/05\\\/avatar-300x300-1.jpg\",\"contentUrl\":\"https:\\\/\\\/etc-guarantee.com\\\/wp-content\\\/uploads\\\/2023\\\/05\\\/avatar-300x300-1.jpg\",\"width\":300,\"height\":300,\"caption\":\"ETC - Export Trading & Cooperation\"},\"image\":{\"@id\":\"https:\\\/\\\/etc-guarantee.com\\\/#\\\/schema\\\/logo\\\/image\\\/\"},\"sameAs\":[\"https:\\\/\\\/it.linkedin.com\\\/company\\\/etcinvest\",\"https:\\\/\\\/www.youtube.com\\\/channel\\\/UCuauiXDlV8tSNQ5_9Q514hw\"]}]}<\/script>\n<!-- \/ Yoast SEO Premium plugin. -->","yoast_head_json":{"title":"Organisme Externe d'\u00c9valuation du Cr\u00e9dit (OEEC) - ETC Guarantee","description":"Qu\u2019est-ce qu'un Organisme Externe d'\u00c9valuation du Cr\u00e9dit ? | Comment \u00e7a marche concr\u00e8tement un Organisme Externe d'\u00c9valuation du Cr\u00e9dit?","robots":{"index":"index","follow":"follow","max-snippet":"max-snippet:-1","max-image-preview":"max-image-preview:large","max-video-preview":"max-video-preview:-1"},"canonical":"https:\/\/etc-guarantee.com\/index.php\/fr\/guide-de-la-garantie-financiere\/organisme-externe-devaluation-du-credit-oeec\/","og_locale":"en_US","og_type":"article","og_title":"Organisme Externe d'\u00c9valuation du Cr\u00e9dit (OEEC)","og_description":"Qu\u2019est-ce qu'un Organisme Externe d'\u00c9valuation du Cr\u00e9dit ? | Comment \u00e7a marche concr\u00e8tement un Organisme Externe d'\u00c9valuation du Cr\u00e9dit?","og_url":"https:\/\/etc-guarantee.com\/index.php\/fr\/guide-de-la-garantie-financiere\/organisme-externe-devaluation-du-credit-oeec\/","og_site_name":"ETC Guarantee","article_modified_time":"2023-09-16T15:10:14+00:00","og_image":[{"width":2121,"height":1414,"url":"https:\/\/etc-guarantee.com\/wp-content\/uploads\/2023\/09\/Organisme-Externe-d-Evaluation-du-Credit.jpg","type":"image\/jpeg"}],"twitter_card":"summary_large_image","twitter_title":"Organisme Externe d'\u00c9valuation du Cr\u00e9dit (OEEC)","twitter_description":"Qu\u2019est-ce qu'un Organisme Externe d'\u00c9valuation du Cr\u00e9dit ? | Comment \u00e7a marche concr\u00e8tement un Organisme Externe d'\u00c9valuation du Cr\u00e9dit?","twitter_image":"https:\/\/etc-guarantee.com\/wp-content\/uploads\/2023\/09\/Organisme-Externe-d-Evaluation-du-Credit.jpg","schema":{"@context":"https:\/\/schema.org","@graph":[{"@type":"WebPage","@id":"https:\/\/etc-guarantee.com\/index.php\/fr\/guide-de-la-garantie-financiere\/organisme-externe-devaluation-du-credit-oeec\/","url":"https:\/\/etc-guarantee.com\/index.php\/fr\/guide-de-la-garantie-financiere\/organisme-externe-devaluation-du-credit-oeec\/","name":"Organisme Externe d'\u00c9valuation du Cr\u00e9dit (OEEC) - ETC Guarantee","isPartOf":{"@id":"https:\/\/etc-guarantee.com\/#website"},"primaryImageOfPage":{"@id":"https:\/\/etc-guarantee.com\/index.php\/fr\/guide-de-la-garantie-financiere\/organisme-externe-devaluation-du-credit-oeec\/#primaryimage"},"image":{"@id":"https:\/\/etc-guarantee.com\/index.php\/fr\/guide-de-la-garantie-financiere\/organisme-externe-devaluation-du-credit-oeec\/#primaryimage"},"thumbnailUrl":"https:\/\/etc-guarantee.com\/wp-content\/uploads\/2023\/09\/Organisme-Externe-d-Evaluation-du-Credit.jpg","datePublished":"2023-07-04T06:22:11+00:00","dateModified":"2023-09-16T15:10:14+00:00","description":"Qu\u2019est-ce qu'un Organisme Externe d'\u00c9valuation du Cr\u00e9dit ? | Comment \u00e7a marche concr\u00e8tement un Organisme Externe d'\u00c9valuation du Cr\u00e9dit?","breadcrumb":{"@id":"https:\/\/etc-guarantee.com\/index.php\/fr\/guide-de-la-garantie-financiere\/organisme-externe-devaluation-du-credit-oeec\/#breadcrumb"},"inLanguage":"en-US","potentialAction":[{"@type":"ReadAction","target":["https:\/\/etc-guarantee.com\/index.php\/fr\/guide-de-la-garantie-financiere\/organisme-externe-devaluation-du-credit-oeec\/"]}]},{"@type":"ImageObject","inLanguage":"en-US","@id":"https:\/\/etc-guarantee.com\/index.php\/fr\/guide-de-la-garantie-financiere\/organisme-externe-devaluation-du-credit-oeec\/#primaryimage","url":"https:\/\/etc-guarantee.com\/wp-content\/uploads\/2023\/09\/Organisme-Externe-d-Evaluation-du-Credit.jpg","contentUrl":"https:\/\/etc-guarantee.com\/wp-content\/uploads\/2023\/09\/Organisme-Externe-d-Evaluation-du-Credit.jpg","width":2121,"height":1414,"caption":"Organisme Externe d\u2019\u00c9valuation du Cr\u00e9dit"},{"@type":"BreadcrumbList","@id":"https:\/\/etc-guarantee.com\/index.php\/fr\/guide-de-la-garantie-financiere\/organisme-externe-devaluation-du-credit-oeec\/#breadcrumb","itemListElement":[{"@type":"ListItem","position":1,"name":"Home","item":"https:\/\/etc-guarantee.com\/"},{"@type":"ListItem","position":2,"name":"Guide de la garantie financi\u00e8re","item":"https:\/\/etc-guarantee.com\/index.php\/fr\/guide-de-la-garantie-financiere\/"},{"@type":"ListItem","position":3,"name":"Organisme Externe d&#8217;\u00c9valuation du Cr\u00e9dit (OEEC)"}]},{"@type":"WebSite","@id":"https:\/\/etc-guarantee.com\/#website","url":"https:\/\/etc-guarantee.com\/","name":"ETC Guarantee","description":"Guarantee of market, investment and trade in Africa","publisher":{"@id":"https:\/\/etc-guarantee.com\/#organization"},"potentialAction":[{"@type":"SearchAction","target":{"@type":"EntryPoint","urlTemplate":"https:\/\/etc-guarantee.com\/?s={search_term_string}"},"query-input":{"@type":"PropertyValueSpecification","valueRequired":true,"valueName":"search_term_string"}}],"inLanguage":"en-US"},{"@type":"Organization","@id":"https:\/\/etc-guarantee.com\/#organization","name":"ETC - Export Trading & Cooperation","url":"https:\/\/etc-guarantee.com\/","logo":{"@type":"ImageObject","inLanguage":"en-US","@id":"https:\/\/etc-guarantee.com\/#\/schema\/logo\/image\/","url":"https:\/\/etc-guarantee.com\/wp-content\/uploads\/2023\/05\/avatar-300x300-1.jpg","contentUrl":"https:\/\/etc-guarantee.com\/wp-content\/uploads\/2023\/05\/avatar-300x300-1.jpg","width":300,"height":300,"caption":"ETC - Export Trading & Cooperation"},"image":{"@id":"https:\/\/etc-guarantee.com\/#\/schema\/logo\/image\/"},"sameAs":["https:\/\/it.linkedin.com\/company\/etcinvest","https:\/\/www.youtube.com\/channel\/UCuauiXDlV8tSNQ5_9Q514hw"]}]}},"_links":{"self":[{"href":"https:\/\/etc-guarantee.com\/index.php\/wp-json\/wp\/v2\/pages\/6950","targetHints":{"allow":["GET"]}}],"collection":[{"href":"https:\/\/etc-guarantee.com\/index.php\/wp-json\/wp\/v2\/pages"}],"about":[{"href":"https:\/\/etc-guarantee.com\/index.php\/wp-json\/wp\/v2\/types\/page"}],"author":[{"embeddable":true,"href":"https:\/\/etc-guarantee.com\/index.php\/wp-json\/wp\/v2\/users\/1"}],"replies":[{"embeddable":true,"href":"https:\/\/etc-guarantee.com\/index.php\/wp-json\/wp\/v2\/comments?post=6950"}],"version-history":[{"count":5,"href":"https:\/\/etc-guarantee.com\/index.php\/wp-json\/wp\/v2\/pages\/6950\/revisions"}],"predecessor-version":[{"id":8109,"href":"https:\/\/etc-guarantee.com\/index.php\/wp-json\/wp\/v2\/pages\/6950\/revisions\/8109"}],"up":[{"embeddable":true,"href":"https:\/\/etc-guarantee.com\/index.php\/wp-json\/wp\/v2\/pages\/6849"}],"wp:featuredmedia":[{"embeddable":true,"href":"https:\/\/etc-guarantee.com\/index.php\/wp-json\/wp\/v2\/media\/7923"}],"wp:attachment":[{"href":"https:\/\/etc-guarantee.com\/index.php\/wp-json\/wp\/v2\/media?parent=6950"}],"curies":[{"name":"wp","href":"https:\/\/api.w.org\/{rel}","templated":true}]}}